mposite?
True
Suppose 3*c - 4*q - 21 = -239, -2*c - 4*q = 172. Let j = 235 + c. Is j composite?
False
Suppose 0 = 5*c - 2*c - 5*r - 136, 3*c = r + 152. Is (c/6)/(2/9) prime?
False
Let g = 238 - -55. Is g a prime number?
True
Let t = -5 + 0. Let m be (-2)/(-6) - (-276)/9. Let y = t + m. Is y prime?
False
Let z(c) = -5*c**2 + 4*c - 2. Let j be z(2). Let u = j + 4. Is (u/6)/((-3)/27) composite?
True
Let f(w) = w**3 - 9*w**2 + 12*w + 11. Is f(9) a prime number?
False
Let r be 21/12*(0 - -4). Let l = r + 24. Is l prime?
True
Let m be 12*(11/3)/(-1). Suppose 4*h - 286 + 34 = 0. Let s = m + h. Is s composite?
False
Let d = 88 - -80. Suppose 0 = -3*s - 6, 2*s = 4*k - 2*s - d. Suppose 4*u + z = -u + 80, 0 = -3*u + z + k. Is u a composite number?
True
Let w(v) = 41*v + 5 - 6 + 11*v. Let f be ((-8)/(-2))/(3 + -1). Is w(f) prime?
True
Let i(m) = 20*m - 3. Let k be i(3). Suppose -5*q + 87 = 4*b - 141, -b + 5*q + k = 0. Is b a composite number?
True
Suppose 0 = -17*s - 11056 + 34839. Is s prime?
True
Suppose 0 = 4*f - 2*v - 702, -17 = f - 3*v - 205. Suppose 5*u = 2*b - f, b - 105 = 2*u - 20. Is b a prime number?
True
Let p = -41 - -28. Let w be (2 + -3)*-3*p. Is 1 - 2 - (1 + w) a prime number?
True
Suppose -2*v + 473 = -3*u, 5*u - u = -v + 231. Is v composite?
True
Let s = -6 - -37. Is s a composite number?
False
Let u = -231 + 436. Is u composite?
True
Suppose -5*p + 5*x = -1900, 7*p - 1122 = 4*p - 3*x. Is p a prime number?
False
Suppose -10 = 4*u + u. Is ((-33)/(-3))/((-1)/u) prime?
False
Let m(w) = 27*w. Let j be m(1). Let i be (-6)/j - 2/(-9). Suppose i*a + 106 = 2*a. Is a a prime number?
True
Let l = 5 - 0. Let k(d) = d**3 - 3*d**2 - 5*d + 1. Is k(l) composite?
True
Is -2*((-1164)/8 - 1) prime?
True
Let h be 5/20 + 714/(-8). Let p = -50 - h. Is p composite?
True
Suppose -2434 = -2*j - 204. Is j a prime number?
False
Let c(f) = 9*f**2 + f**2 + 13 + f**3 + 1 - 10*f. Is c(-11) a prime number?
True
Suppose -1 - 1 = -2*v. Is v - (-66)/(-2 - -3) composite?
False
Suppose -4*h + 2*u + 380 = 0, 3*h = -u + 154 + 141. Is h prime?
True
Let v be (-2)/4*(3 - 1). Let b(y) = -4*y + 1. Let s be b(v). Suppose -4*n + 0*n = s*i - 643, 0 = 5*n - 10. Is i a prime number?
True
Let o = 1384 - -2445. Is o prime?
False
Let p(i) = 6*i**2 + 6*i**2 - 9*i**3 - 2 - 9*i**2 - 2*i**2. Is p(-2) composite?
True
Let p = -38 + 76. Suppose -x + 4*g = -231, -168 = -x - g + p. Is x a composite number?
False
Let s be 4268/(-6) + 7/21. Let a = s + 1012. Is a a composite number?
True
Suppose -5*r + 3*w + 2773 = 0, 5*r - 3447 = 5*w - 682. Is r composite?
False
Suppose 0*m + m = -3. Let t = 0 - m. Is t a composite number?
False
Let z(x) = -4*x - 7. Let b(w) = w**2 + 6*w + 1. Let q be b(-6). Suppose i + q = 5*p - 8*p, 0 = i + 5*p - 5. Is z(i) a prime number?
False
Suppose 4*l - 2*v + 120 = 2*v, -82 = 3*l + 5*v. Let i = 53 + l. Is (i + -2)*(-6)/(-4) prime?
False
Let u(s) = -s - 1. Let r be u(-5). Suppose -4*v = -20, r*v - 11 = 3*l + 9. Suppose l = -5*k + k + 76. Is k a composite number?
False
Let z(r) = -r**3 + 12*r**2 + 4*r + 10. Let p be z(11). Let d = -239 + 141. Let q = p + d. Is q composite?
True
Let r(z) = z**3 - 12*z**2 + 5. Let q be r(8). Suppose 2*t = -2*t - m + 1843, -2*m = -6. Let s = t + q. Is s a composite number?
True
Let c(u) = 1053*u + 4. Is c(3) a prime number?
True
Let k = -3 - -7. Let u be (-36)/1*(-6)/k. Suppose 3*b = 3 + u. Is b prime?
True
Suppose 3*x + g = 29, 14 = 2*x - g + 3*g. Suppose q - x = -4. Is q a composite number?
False
Let c(j) = 30*j - 2. Let y be c(3). Suppose -2*s + y = 2*s. Is s a composite number?
True
Suppose 0 = -4*o + 4*x - 20, 0*x = -4*o + 2*x - 12. Let i = 2 - o. Suppose -38 = -i*y + 4*k - 3*k, y + 3*k = 16. Is y prime?
True
Suppose 0 = 4*r, z + 2*r + 136 - 465 = 0. Is z prime?
False
Let l(t) = -54*t + 1. Let w be l(-3). Suppose 5*b = 2*b + 9. Is w/b - 4/(-6) composite?
True
Let n be 1/(-2) - 5/(-2). Suppose 4*j + 5*c = 28, 0*c + 2 = 5*j - n*c. Suppose -j*r = r - 45. Is r a prime number?
False
Is 293*(0 - (1 + -2)) a composite number?
False
Let q(g) = -g + 17. Let u be q(10). Let b = u + 8. Is b prime?
False
Let j(b) = 2*b + 4. Let g be j(4). Suppose a = 5*a - g. Let s = 36 - a. Is s prime?
False
Is 8/2*(-419)/(-4) a prime number?
True
Let m = 24 - 278. Is (-1)/(-3 - 760/m) a composite number?
False
Let x be (-2)/(-4)*(0 + 52). Let p(h) = -5*h + 8. Let u be p(-9). Let j = u + x. Is j prime?
True
Let h = 4 + 0. Suppose 2*t = h*t - 1370. Is t a prime number?
False
Suppose l = -3*l - 412. Is (-9)/(-6) + l/(-2) a prime number?
True
Let b be 12*(-48)/(-2) + -3. Suppose b = 5*r - 4*n, -r + n + 73 = -3*n. Is r prime?
True
Is (11 + -9)*(43 + 0) composite?
True
Let u be 5092/5 - 6/15. Let a = u + -711. Is a prime?
True
Suppose 0*v - 3*v + 12 = 0. Suppose v*l + 10 = 4*q + 2, 0 = 5*l - 2*q - 2. Suppose l*s - 41 - 21 = 0. Is s a prime number?
True
Let g = -4 - -2. Is (g/3)/((-1)/9) composite?
True
Suppose -3*f + w + 3 = 0, 5*w = -2*f - 3*f - 15. Suppose f = -0*k - 5*k + 165. Let j = k + -19. Is j a prime number?
False
Let a = 98 + -40. Suppose 4*x = -i + 2*i + 71, 2*x - a = -4*i. Is x a composite number?
False
Let d = 6092 + -3055. Is d prime?
True
Suppose 3*d - 4*j - 31 = 0, 36 = 4*d - 5*j - 4. Suppose -24 = -d*c - 4. Let l = 11 + c. Is l a prime number?
False
Let g = 33843 + -20032. Is g a composite number?
True
Let b = 54 - 33. Suppose -13 - 11 = -4*s + 4*v, 4*v = -s + b. Let l = s + 28. Is l a prime number?
True
Suppose -2*w = -18 + 64. Let m = 33 + w. Is m a prime number?
False
Let o be 44/8 - 1/2. Suppose 0 = 3*c + i - 59, 4*i + 60 = o*c - 27. Is c composite?
False
Let j(f) = 33*f**2 - f - 3. Let v be j(-2). Suppose 0*n = -3*p + 2*n + 373, 4*n + v = p. Is p composite?
True
Let r(l) = -l**2 + 26*l + 10. Is r(13) prime?
True
Is 6798 - 1*(3 + -8) composite?
False
Suppose -4*k - 25 - 52 = -5*l, 22 = l - 3*k. Is l a composite number?
False
Suppose -4*i - 2*j = 3*j + 36, -4*i + 2*j - 36 = 0. Let g = 16 + i. Let x(q) = q**3 - 6*q**2 - 2*q - 4. Is x(g) composite?
False
Let l = 5 + -2. Suppose -l*k - 3 = -4*k. Suppose k*m - m + y = 133, 5*y = 5*m - 310. Is m composite?
True
Suppose 0 = -3*s + 1325 - 428. Is s composite?
True
Let h = 4368 + -2473. Is h composite?
True
Suppose -2*n - 3*x + 4*x + 764 = 0, -4*n + 3*x = -1530. Is n prime?
False
Is 2*(-6)/8*(-52)/3 a prime number?
False
Suppose n - 16 = 3*n. Let l be (-34)/n - 4/16. Suppose 2*r - 605 = l*v - 67, 3*v = -2*r + 503. Is r composite?
True
Let r be 18/(-22) + 2/(-11). Let g be -1*2/(r + 2). Is 141/g*(-2)/1 a prime number?
False
Suppose 4 = 3*j - 32. Let w be (-1)/(-1 - (-10)/j). Is ((-57)/w)/((-2)/4) prime?
True
Suppose 5*c = 3*m - 756, -3*c - 880 = -3*m - 118. Is m prime?
True
Let d = -6 + 10. Suppose -2*w - w = -d*p + 221, -w = 3. Is p a prime number?
True
Is -1 + 2935 - -1*(-4)/4 a prime number?
False
Let j be (-7878)/(-30) - 3/5. Is j*(-2)/(1 + -5) a composite number?
False
Let b = 487 + -342. Is b a prime number?
False
Let d(m) = m - 3. Let x be d(4). Let z = x + 0. Let g = z + 1. Is g composite?
False
Suppose 0 = -k + 6*k - 4*b + 71, 50 = -3*k - 5*b. Let t be (50/3)/((-5)/k). Suppose 3*z - 79 = t. Is z a composite number?
False
Suppose 3*k - 2*m - 431 = -37, m + 264 = 2*k. Is k a composite number?
True
Suppose -c + 8 = -4*w + 2*w, 0 = -2*c + w + 4. Let t be c/2 + 0/3. Suppose 3*d + d = -4*q + 100, -5*d + 4*q + 107 = t. Is d prime?
True
Let p(z) = z**2 + 4*z + 3. Let v be p(-3). Suppose -3*s + 102 = -v. Is s prime?
False
Suppose -3*j + 181 = -2*q - 454, -418 = -2*j - 4*q. Is j a composite number?
False
Let l = 0 - 3. Is (-6)/l + (-225)/(-3) composite?
True
Suppose 31 = 3*i + 4*h, 17 - 4 = i + 2*h. Let n be (114/i)/((-6)/(-20)). Let w = 161 - n. Is w composite?
True
Let g be (-1)/2*-6*5. Is (-6)/(-3)*g/2 a prime number?
False
Suppose -3*w + 12 = 0, v = -2*v + 3*w + 813. Let a be (-6)/21 - v/(-7). Let u = a + -20. Is u composite?
False
Let r = 18 - 13. Suppose 0 = -r*u - 9 + 104. Is u a composite number?
False
Suppose t + 159 = 2*t. Is t a prime number?
False
Let l(q) = 3 + 4 - 50*q - 4. Let d be l(-3). Let k = 244 - d. Is k a composite number?
True
Suppose 6 = 5*i + 2*m, -2*i = 2*i - 4*m + 12. Let w be (-3 - i)/(9/(-6)). Is (3 + w)*(-58)/(-2) prime?
False
Let q(g) = -4*g**3 - 2*g**2 - g - 2. Is q(-3) a prim